 -15) + 14 + 1.
10
Calculate 61 - (-2 + 24 + -29 + 32).
36
What is the value of -2 + -34 + (18 - (-14 - -33))?
-37
Calculate -103 + (-4 - (6 + 4)) + (-7 - 10 - -29).
-105
What is the value of (-36 - -6) + 14 + -6?
-22
Evaluate 419 + -396 - (4 + 29).
-10
(5 + 0 + -8 - 7) + 8 - (-4 - -61)
-59
What is the value of (8 + -3 - -15) + -31 - -6?
-5
-1266 - -1260 - (-101 + -2)
97
Calculate (4 - -10 - 2) + (-50 - 93) + 61.
-70
Calculate (18 - -65 - 53) + -50.
-20
What is the value of 0 + 0 + 1 + (-2 - -29) + -90488 + 90494?
34
20 - (-8 - (-24 - -30)) - 9 - -76
101
What is 0 + (0 - (30 + -46)) + (-2 - 89)?
-75
What is the value of 155 + -247 - (-8 + 8 + 18)?
-110
Calculate 3 - 1 - -35 - (-20 - (31 - 53)).
35
What is the value of 5 + -2 - (24 - -16) - (6 + -1)?
-42
Evaluate -1 - (-16 - (12 + -51 - -17)).
-7
What is -26 - (-72 + (-34 - (-58 - -2)))?
24
What is the value of 13 - 5 - -4 - (-19 + -19)?
50
What is the value of (-30 - -8) + 0 + -3 + 3 + (1 - -1)?
-20
Evaluate -39 + 193 - (-6 + 2 + (16 - (-3 + 2))).
141
-54 - (-1 - 46) - -31
24
-38 - (-24 - -13) - (-2 - (-5 + 5 + -7))
-32
Evaluate -1 + 8 + 52 + -6.
53
34 - (20 + 27) - (-4 + (4 - -1) + -5)
-9
What is the value of (-1 - -5) + (-98 + -26 - -144)?
24
-6 - (20 - 146 - -131)
-11
-2 + 1 + 1 + -86 + (-76 - (49 + -131))
-80
Calculate -1 - (-6 + -1) - ((-95 - 44) + 151).
-6
Calculate 70 + (-1 - (-3 - -2)) + 11 + (1528 - 1532).
77
Calculate 67 - (101 + (-86 - -9)).
43
Evaluate (1224 - 1209 - (6 + 2)) + 0 + 0.
7
What is the value of -40 + (-64 - -69) + (-1 - 5)?
-41
Calculate 104 - (-17 - -11) - (-121 - -104).
127
Evaluate (-23 + 29 - 58) + 63.
11
What is -1 + 118 + -2553 + 2480?
44
14 + 8 + -2 - 49 - -112
83
-14 - (-11 + 7) - ((-6 - -10) + -3 + -30)
19
Evaluate -1 + -2 + (0 - 0) - (64 + 37 + -73).
-31
(-7 - -15 - 35 - -9) + 76 + (-10 - 1)
47
What is the value of (26 - (9 - 4 - (14 + 4))) + 7?
46
What is 22 + (84 - (-10 - -49))?
67
Calculate -13 - (-59 + 122) - -28.
-48
(95 - 228) + 1 + 68
-64
Evaluate -1849 + 1804 - (0 + (1 - 3)).
-43
Calculate -1 + 68 + -65 + 7.
9
Calculate -2 + 35 - ((3 + (-8 - -1) - -5) + -5).
37
What is the value of 7 + (-6 + 1 - (1 + -16 + -4))?
21
What is -24 - (23 + 12 + -25)?
-34
(34 - (88 + -35)) + 41
22
Evaluate (22 - 9) + -29 + -12 - 14.
-42
What is the value of (-51 - -5) + -661 + 732?
25
Evaluate 22 + 0 + -13 + -88 + 61.
-18
Calculate -54 - -66 - -16 - (22 + -2).
8
What is -1 - 2 - (7436 - 7432)?
-7
What is -51 + (-21 + 25 + 4 - -2)?
-41
Evaluate 79 - (0 - -34) - (0 + 4).
41
What is the value of 16 + -146 + 93 - (-3 - 6)?
-28
What is -145 + 61 + (-14 - 34)?
-132
-7 + 4 - 27 - (989 + -1004)
-15
What is -10 - (46 + -37) - 17?
-36
Calculate -77 + (108 - (64 - 13)).
-20
What is the value of 47 + (-27 - (51 - 23)) - ((0 - -1) + 18)?
-27
Evaluate -1 + 2 + 12 + (-5 + (6 - -13) - -18).
45
Evaluate 793 + -800 - (30 + (0 - (-2 + 5))).
-34
Evaluate -33 - (23 + 0 - 14 - (3 - -3)).
-36
-2 - (13 + -103 + 48)
40
-46 + (-3 - -38) - (-55 - (0 + 4))
48
What is the value of -19 - ((-44 - (62 + -95)) + (-110 - -2))?
100
Evaluate (-7 - (13 - 12)) + (-2 - 5) + -7.
-22
57 - 1 - (1 - -12 - (-186 - -188))
45
Evaluate 39 + 11 + -43 + 11 - (1 - 8).
25
59 - 0 - (234 + -86 - 128)
39
What is -35 - -56 - (3 + 31 - -2)?
-15
Evaluate 315 - 329 - (7 - 0 - 28).
7
What is the value of (4 - (43 + -56 - (1 - 17))) + -42?
-41
Evaluate -4 + (7 - -28 - (42 + -15)).
4
Evaluate 2 + -43 + (-17 - -18) + -23.
-63
What is the value of -106 + (-112 - -209) + (-3 - -1) + -93?
-104
Evaluate -108 - (-5 + 8 + 0 + -8 + 0).
-103
What is (-3 - (-2 - -40 - -6)) + (5 + -10 - 6)?
-58
What is 9 - (6 - (42 - (16 + 27) - (97 - -2)))?
-97
What is -1242 + 1265 + -56 + -2?
-35
Calculate 130 + (19 - (-8 - -6)) + (-7 - (23 - 24)).
145
Calculate 7 - (-14 - (-8 + 6 + -22 + 14)) - 51.
-40
Evaluate (-6 - (54 + -58)) + (0 - -144) + -9.
133
3 - 39 - (12 + (11 - 21) + 7)
-45
What is (3 - ((-70 + -1 - 10) + 6)) + -16?
62
What is 0 + (-49 + 0 + -3 - (38 + -16 - 10))?
-64
What is (122 - 16) + -113 + (9 + -12 - (-26 - -1))?
15
Calculate -29 - (29 - (27 + -7)) - -39.
1
What is the value of (-3300 - -3276) + 2 + 11 + -2 + 1 - 104?
-116
3 - (-5 - 5) - ((-34 - -9) + 30 + 84)
-76
(38 - (36 + 5)) + -1 + 29
25
Calculate (6 - (-8 + 5)) + -62 + (10 - (-18 - -17)).
-42
Evaluate -63 - ((11 - -9) + -2 - -1 - 10).
-72
What is the value of (21 - (-35 - -7)) + -41 - -110?
118
What is the value of 54 + 1 + (-340 - -378) - 30?
63
What is the value of -45 - -2 - (58 - (-11 + 61))?
-51
What is -11 - 1 - (-1198 - -1187)?
-1
What is the value of (-47 - (-23 + -4)) + 16 - (37 - 0) - 6?
-47
What is the value of -193 + 212 + 2 + -5 + -2 - 89?
-75
What is -17 + (-11 - (6 + -28 + 4 + 5))?
-15
0 + 90 + 5 + (52 - 19) + -36
92
Evaluate -80 - (45 - (-12 + 80)).
-57
Evaluate (-19 - 0) + -637 + 618.
-38
What is the value of (-40 + 57 + -2 - (4 + 4 - 0)) + 20?
27
What is the value of 15 + 25 + -16 + 24?
48
10 + 73 + -10 + (-21 - (-45 - -34))
63
What is 2 + -15 + (7364 - 7295)?
56
What is (6119 - 5984) + (-85 - 0)?
50
What is the value of 80 + (-83 - 39) + 32?
-10
What is the value of 67 + -44 + -25 + 48 - 68?
-22
Calculate -12 + 16 + (-16 + 8 - (-3 - 30)) + -6.
23
What is the value of 39 + -66 + 23 - (-7 - 1 - -3 - -62)?
-61
Calculate -53 + 43 - (7 + -25).
8
-34 - 0 - (94 - 29 - -7)
-106
Evaluate 0 + (-18 - (-4 + 7 + -25)).
4
(-12 - 4 - -8) + 28 + 11 - (0 - 2)
33
What is (-27 - -52) + 44 - 44?
25
Calculate (-126 - -143) + 1 + (9 - 25) + (-1 - -25).
26
13 + (34 + -3 - (277 - 179))
-54
Evaluate -22 + 77 + (8 - 20).
43
Calculate -6 + 59 - (2 - -27).
24
Calculate 14 + 2 + ((20 - 1) + 662 + -672 - 156).
-131
What is the value of (5 + 9 - (-21 + 13 + 12)) + 0 + 7?
17
What is the value of -90 - (87 + (-110 - -31))?
-98
What is the value of (83 + -116 - 29) + -1 + -4 + 11?
-56
What is the value of (1 - 42) + (31 - 20 - -10)?
-20
Evaluate 17 + (1 - 9) + 10 + 20.
39
Evaluate -21 + 4 + -11 + 5 + 17 + 45.
39
-5 + -44 + (-13 - -29) + 10
-23
Calculate -25 + (-5 - (-7 - 1)) + (-1 - (-4 - -12)).
-31
What is -22 + 19 - (-41 - (46 + 0))?
84
Evaluate (2 - -22) + 3 + 506 + -556.
-23
Evaluate -2 + 23 + 1 + 43 + -17 + -37.
11
What is (-1 - -2 - (57 - 86)) + 0 + 6?
36
Evaluate 102 + -62 + 22 - (-2 - -32).
32
Evaluate -4 - (0 - -2) - (-12 - (29 - (26 + -5))).
14
What is the value of (-10 - (1 + 38 + 4)) + (3 - -13)?
-37
Evaluate -1 - 31 - ((-104 - 24) + 114).
-18
What is (12 - -9 - 0) + 16 + -13?
24
What is 3271 - 3283 - (-1 - -22)?
-33
Evaluate -8 - (3 - 1) - (-7 - (-28 + 14 - -19)).
2
Evaluate 13 - -34 - (2 + -12).
57
9 + (-18 - (-9 + (2 + -6 - -4))) - -34
34
What is 10 + -13 + (14 - (4 - -16))?
-9
Calculate 4101 + -4030 + (-1 - (3 + 31)).
36
-33 + (-2 + 21 - -15) - 22
-21
10 + (-9 + (91 - 2) - (3 - 29 - -11))
105
75 + ((68 - 62) + (2 - -1) - 21)
63
-4 + -68 - (23 + -38)
-57
What is the value of (40 - 5) + -92 + 55 + -31?
-33
19 + 0 + 21 - 50
-10
Calculate 0 + 8 + -27 + (12 - (-10 + 13)).
-10
Evaluate -14 + 3 + 3 + -4 + 8 + 32.
28
Calculate 15 + (29 - 5) + 2 + -29 + 65.
77
Evaluate 22 + -81 + -12 + 7 + -10.
-74
(0 - (14 + 3 + -1)) + (-2258 - -2246)
-28
Evaluate -77 + -117 + (22 - -86).
-86
Calculate 7 + -3 - (-16 + 108 + 15 + -31).
-72
Evaluate -62 - (17 + -117 - -25).
13
What is the value of -24 + 0 + (-77 + 155 - 11)?
43
(2 + 16 - (15 - (-29 - -33))) + -12
-5
Evaluate 7 + 2 + -2 + -4 + 4 + (-55 - -43).
-5
Evaluate (-16 - -20 - (2 - 10)) + (32 - 20).
24
(44 - 39 - 53) + 44 + (-54 - -1)
-57
-36 + 64 - -75 - (18 - 0)
85
What is the value of -8 - -3 - (-34 + 18 - -16)?
-5
Evaluate (19 - (-9 - (0 - 4))) + (-150 - -96).
-30
What is (-31 - -5 - -14) + 7 + -26?
-31
22 + (201 - 103) + -142
-22
What is 15 - (-27 + 9 + -6 + 40) - (-1 - 61)?
61
What is the value of 7 - (-48 + 5 - (24 + -29))?
45
What is the value of -3 + (25 - (51 + -5)) - 26?
-50
What is the value of 106 - 18 - (74 - 16)?
30
-65 + (-24 - -1 - -2) + (24 - -18)
-44
3 - (-5 - ((0 - (34 + -52)) + 0 + 0))
26
What is 34 + -4 + 26 + -40 + -17 + 1 + 73?
73
Evaluate 18 + (8 - (12 - -7 - 30)).
37
(39 + -63 - -35) + (22 - 33)
0
What is the value of (-69 - -135) + -19 - (1 - 15)?
61
64 + -2 + -14 + -55 + 50
43
Calculate 76 - (0 + 0 + (130 - 119)).
65
Calculate 17 - (85 + -33) - -17.
-18
Calculate (-6 - -2) + -6 + -32 + -7 + -3 + 0.
-52
What is the value o